reatest common divisor of 6 and r.
6
Suppose 5*w + p = 195, -4*p + 100 = 4*w - 56. Calculate the highest common factor of 3 and w.
3
Let y(n) = n - 4. Let x = 9 - 2. Let o be y(x). Suppose -3*h + 3*z = 2*z - 103, -111 = -o*h - 3*z. What is the highest common divisor of 14 and h?
7
Let s = -2 + 7. Suppose -3*i = -15, -14 = h + s*i - 48. Suppose 3*k = 6, -325 = 24*q - 29*q - 5*k. What is the highest common divisor of q and h?
9
Let z = -28 + 30. Let h(n) = 12*n**3 - n**2 - 2*n. Let m be h(z). What is the highest common factor of 22 and m?
22
Let w(y) = y**2 - 17*y + 33. Let f be w(15). Suppose 3*l - 132 - f = 0. Calculate the highest common divisor of 9 and l.
9
Let m be (2205/(-98))/(2/(-28) - 0). Calculate the greatest common divisor of 140 and m.
35
Let b(c) = -3*c + 2*c + 15 + 0*c + 18. Let f be b(7). What is the highest common divisor of f and 39?
13
Let o = 174 + -141. Calculate the highest common divisor of o and 165.
33
Suppose 0 = -f - 2, -k - 4*k + 3*f + 186 = 0. Calculate the greatest common factor of 204 and k.
12
Suppose -36 = -2*y - 2. Suppose -y = -s + 4*f + 27, 2*s = 3*f + 73. What is the greatest common factor of s and 2?
2
Suppose 5*n = -6 - 19. Let k(x) = -33*x + 5. Let b(d) = 32*d - 6. Let r(p) = -4*b(p) - 3*k(p). Let l be r(n). What is the highest common factor of 22 and l?
22
Let y = 5 + -3. Suppose y = -0*f + f. Let i be 10901/55 - f/10. What is the greatest common factor of 18 and i?
18
Let m = -294 - -441. Calculate the highest common divisor of 42 and m.
21
Let b = 49 - 28. Let r = b + 6. Suppose 21 + r = 3*v. What is the greatest common factor of 16 and v?
16
Let c = -14 + 17. Suppose c*p - w + 705 = 7*p, -4*p + 707 = 3*w. What is the highest common factor of 44 and p?
44
Suppose u - 3*u = -36. Suppose 6 - 18 = -4*f. Suppose 5*o - g = -0*g + 29, 0 = -o + f*g + 3. What is the highest common divisor of u and o?
6
Let o(v) = 3*v - 16. Suppose 2*r + 53 = 5*p, 3*p - 7 - 21 = 5*r. Let g be o(p). Let a = -10 + 44. Calculate the greatest common divisor of g and a.
17
Let k be (5 - -25)*(-2)/(-4). Suppose 31 = -12*i + 151. Calculate the greatest common factor of k and i.
5
Let z(l) be the second derivative of l**3/3 + l**2 + 2*l. Let u be z(0). Let m be (-2 - u)*9/(-3). Calculate the greatest common divisor of m and 18.
6
Let n = -86 - -97. What is the greatest common divisor of 99 and n?
11
Let j(h) = h**2 - 6*h. Suppose z + 6 + 3 = 5*n, 0 = 3*z - 5*n - 3. Let w be j(z). Suppose w*r + 44 = r. What is the highest common divisor of 11 and r?
11
Let h(w) = 14*w - 11. Suppose 7*q = 13*q - 24. Let i be h(q). Calculate the highest common divisor of 18 and i.
9
Let d(h) = h**2 + 7*h - 6. Let f be d(-7). Let t(p) = -6*p - 27. Let z be t(f). What is the highest common factor of 45 and z?
9
Let a be (-865)/(-45) - (-2)/(-9). Suppose 6*v - a = -7. Let i be v*-14*209/(-44). What is the highest common factor of i and 19?
19
Let r be ((-1*16)/(-4) - 12)/(-2). Let h = 8 - 2. What is the greatest common factor of h and r?
2
Let q(v) be the second derivative of v**5/20 - v**4/2 - 4*v**3/3 + 19*v**2/2 - 2*v. Let z be q(7). Calculate the highest common factor of 12 and z.
12
Let z be ((-24)/(-28))/((4/(-196))/(-1)). What is the greatest common divisor of z and 224?
14
Let d be (2/(-4))/((-1)/16). Suppose -d*t = -13*t + 70. Suppose -3*j + 259 = -t. Calculate the greatest common divisor of j and 13.
13
Suppose 28 = -j - 38. Let l be (234/27)/((-4)/j). What is the greatest common factor of l and 13?
13
Suppose z - 3 + 2 = 0. Let f be (-4)/((z - -1)*1). Let k be (-49)/f*(-60)/(-7). Calculate the greatest common factor of k and 30.
30
Suppose 0 = -4*q + 5*t + 41, -t - 3 = q - 2. Suppose u - 16 = -q. What is the greatest common divisor of u and 18?
6
Let m = 4 - 3. Let s(o) = -3 + 7*o**2 + o + 2 + 3*o**2 + 6*o**2. Let t be s(m). What is the greatest common divisor of t and 16?
16
Let h be ((-4)/12*0)/(-3). Suppose -5*g + 165 = -h*g. What is the greatest common divisor of g and 33?
33
Let x(s) = 2*s**2 + 37*s + 47. Let q be x(-24). Suppose -w + 3*l = 113 - q, 0 = w - 5*l - 194. What is the highest common divisor of w and 12?
12
Let x = 8 - 9. Let u be 0*(0 + x) - -3. Let n = u + 18. What is the highest common factor of n and 7?
7
Let m(p) = -2*p**2 - 10*p - 1. Let c be m(-4). Suppose 315 = c*l + 2*l. What is the highest common factor of 21 and l?
7
Suppose j - 7 - 11 = 0. Let w = j - -10. Suppose -r - 2156 = -12*r. Calculate the greatest common divisor of w and r.
28
Let s = -33 - -37. Suppose -2*p = 5*w - 44 - 72, s*w - 4*p = 104. What is the highest common factor of w and 36?
12
Suppose -w + 111 = 15. Let p be (1/(-2))/((-12)/w). Calculate the highest common factor of p and 8.
4
Let z be ((-10)/(-8) - (-6)/24)*12. What is the greatest common divisor of z and 234?
18
Suppose -5*b + 6*b = -3*n + 99, 0 = 4*b + 2*n - 406. Calculate the highest common factor of b and 544.
34
Let x be ((-49)/(-42) + (-6)/9)*270. Calculate the greatest common divisor of 18 and x.
9
Suppose -3 = d - 14. Suppose 103 = 5*l + 783. Let s be 6/(-9) + l/(-6). Calculate the highest common factor of s and d.
11
Suppose 7*k - 255 = 2*k. Let a = k + -21. Calculate the greatest common factor of 45 and a.
15
Let p(z) be the second derivative of 2*z**3/3 - 6*z**2 - 9*z. Let j be p(8). Suppose -u + 0*u + 180 = 0. Calculate the highest common divisor of j and u.
20
Suppose -2*j = 2*k - 5*k + 29, -3*k = 2*j + 23. Let c = -11 - j. Suppose 156 = y + c*y. Calculate the highest common divisor of y and 13.
13
Let y be (3 - -6)/((-4)/(-48)). Suppose -9*c - y = -369. What is the highest common divisor of 232 and c?
29
Let t = -166 + 178. Calculate the highest common factor of t and 78.
6
Suppose -3*l = -3*o + 1491, 11*l + 995 = 2*o + 10*l. Calculate the greatest common divisor of 24 and o.
6
Let f be 1*(-5 - -4) - -3. Let h be 162/2 - -2*f. Suppose -4*t = 2*r - 52, -3*r + 0*r - 2*t + 94 = 0. What is the greatest common factor of h and r?
17
Suppose -5*r = -4*v - 79 - 16, -2*v = 5*r - 125. Suppose -4*q = -s + 23, 2*s - 69 = -3*q - 23. What is the greatest common divisor of r and s?
23
Suppose 5*p - 53 = j, -14*p = -16*p + 4*j + 32. Calculate the highest common divisor of 170 and p.
10
Suppose w - 5 = -5*l + 8, -4*w + l + 10 = 0. Let y be w/3*(-126)/(-2). Calculate the highest common divisor of 7 and y.
7
Let l = 528 + -230. Let c = -325 + 153. Let q = l + c. Calculate the highest common factor of q and 14.
14
Let y be (-4*(10 - 4))/1. Let s = 32 + y. Calculate the highest common divisor of 56 and s.
8
Let m = 186 + -326. Let n = m + 224. Calculate the highest common divisor of n and 21.
21
Suppose 19*b - 92*b + 4698 = 101*b. Let m be -2*((-2)/4 - 1). Let w(d) = d**3 - 3*d. Let s be w(m). Calculate the greatest common factor of b and s.
9
Let w(y) be the third derivative of -y**6/120 - y**5/20 + y**4/12 + y**3/6 + 6*y**2. Let v be w(-4). Calculate the highest common divisor of v and 81.
9
Let x(q) = 5*q + 2. Let r be x(-3). Let s be 50/(-13) + 2/r. Let d be 3 - (163 + s)/(-3). Calculate the highest common factor of 14 and d.
14
Suppose -11*l + 4 = -51. Suppose -3*s = l*m - 6*s - 41, s + 23 = 3*m. What is the greatest common divisor of 35 and m?
7
Suppose 13 = -o + 40. Suppose 5*a - o - 18 = 0. What is the greatest common factor of a and 72?
9
Suppose -201615 = -35*s - 22065. What is the highest common divisor of 171 and s?
171
Suppose 7*l - 9*l + 220 = 0. What is the highest common factor of 44 and l?
22
Suppose 0 = 4*v - 12, -3*c - 4*v - 300 = 168. Let b be ((-10)/(-8))/(315/c - -2). Calculate the greatest common factor of b and 160.
40
Suppose 0 = -5*l + 27 + 48. Let n be 838/l + 50/375. Suppose 5*c = -4*s + 78, -8 = -2*s - 2*s. What is the greatest common factor of c and n?
14
Let h be (-2810)/8 + (-2)/(-8). Let u = 580 + h. Suppose t - u = -3*k, -3*k - t = k - 304. Calculate the highest common divisor of k and 15.
15
Let a be (-8)/3*(-408)/32. Suppose 12 + a = 2*u. Calculate the highest common divisor of 69 and u.
23
Suppose 3*h + 1651 = 5*g, -483 = -4*g - 3*h + 827. What is the highest common factor of 47 and g?
47
Let c = -3707 + 5356. Calculate the highest common divisor of c and 97.
97
Let u = -2728 - -3994. Calculate the highest common factor of 6 and u.
6
Suppose 2*o + 8 = 4*l, -4*o +